
9
What is the tens digit of 24854?
5
What is the thousands digit of 1256005?
6
What is the units digit of 1328307?
7
What is the thousands digit of 117848?
7
What is the hundred thousands digit of 183388?
1
What is the thousands digit of 73201?
3
What is the thousands digit of 1722207?
2
What is the ten thousands digit of 2434661?
3
What is the tens digit of 359125?
2
What is the hundreds digit of 4853058?
0
What is the units digit of 8390740?
0
What is the millions digit of 4581216?
4
What is the tens digit of 3624194?
9
What is the ten thousands digit of 3526767?
2
What is the hundreds digit of 2083476?
4
What is the hundreds digit of 1247934?
9
What is the units digit of 958997?
7
What is the ten thousands digit of 1059065?
5
What is the thousands digit of 11183087?
3
What is the tens digit of 145065?
6
What is the hundred thousands digit of 14490418?
4
What is the units digit of 1457424?
4
What is the hundreds digit of 4092672?
6
What is the hundreds digit of 2554613?
6
What is the units digit of 11442544?
4
What is the thousands digit of 871204?
1
What is the tens digit of 1110645?
4
What is the tens digit of 12087541?
4
What is the ten thousands digit of 7733125?
3
What is the hundred thousands digit of 1106213?
1
What is the thousands digit of 637653?
7
What is the hundreds digit of 62493?
4
What is the ten thousands digit of 967554?
6
What is the hundreds digit of 1056866?
8
What is the hundreds digit of 163073?
0
What is the hundred thousands digit of 142569?
1
What is the ten thousands digit of 3566678?
6
What is the units digit of 862353?
3
What is the hundreds digit of 99133?
1
What is the hundred thousands digit of 5181187?
1
What is the tens digit of 19586675?
7
What is the hundred thousands digit of 147214?
1
What is the hundred thousands digit of 1153632?
1
What is the tens digit of 5505580?
8
What is the units digit of 21841249?
9
What is the tens digit of 4109767?
6
What is the tens digit of 1283832?
3
What is the ten thousands digit of 191656?
9
What is the hundreds digit of 136254?
2
What is the ten thousands digit of 2539945?
3
What is the tens digit of 877810?
1
What is the ten thousands digit of 555732?
5
What is the ten thousands digit of 5064830?
6
What is the ten thousands digit of 278346?
7
What is the hundreds digit of 1187427?
4
What is the tens digit of 5181454?
5
What is the units digit of 386900?
0
What is the hundred thousands digit of 482028?
4
What is the units digit of 21454910?
0
What is the hundreds digit of 28270573?
5
What is the thousands digit of 8737929?
7
What is the thousands digit of 55340?
5
What is the ten millions digit of 23583873?
2
What is the tens digit of 1009246?
4
What is the units digit of 549101?
1
What is the units digit of 1111455?
5
What is the tens digit of 6960367?
6
What is the ten thousands digit of 1183806?
8
What is the units digit of 13837259?
9
What is the thousands digit of 812946?
2
What is the tens digit of 75642?
4
What is the ten thousands digit of 27742657?
4
What is the millions digit of 1267218?
1
What is the hundred thousands digit of 1823848?
8
What is the hundreds digit of 1098846?
8
What is the millions digit of 2691452?
2
What is the millions digit of 13998705?
3
What is the tens digit of 272113?
1
What is the ten millions digit of 16983467?
1
What is the ten thousands digit of 715369?
1
What is the ten thousands digit of 2294001?
9
What is the hundreds digit of 14292695?
6
What is the hundreds digit of 140656?
6
What is the hundred thousands digit of 492912?
4
What is the hundred thousands digit of 387025?
3
What is the millions digit of 9132301?
9
What is the thousands digit of 61366?
1
What is the thousands digit of 8173694?
3
What is the thousands digit of 5849026?
9
What is the hundreds digit of 10413948?
9
What is the hundreds digit of 190682?
6
What is the units digit of 3205788?
8
What is the hundreds digit of 1886274?
2
What is the units digit of 63240?
0
What is the hundred thousands digit of 7012659?
0
What is the thousands digit of 60129?
0
What is the ten thousands digit of 8182476?
8
What is the hundreds digit of 259137?
1
What is the hundred thousands digit of 11807790?
8
What is the thousands digit of 46880?
6
What is the hundreds digit of 58891?
8
What is the hundreds digit of 718423?
4
What is the ten millions digit of 20458620?
2
What is the ten thousands digit of 8706388?
0
What is the tens digit of 160007?
0
What is the hundreds digit of 3671423?
4
What is the units digit of 119911?
1
What is the hundreds digit of 2535315?
3
What is the units digit of 326483?
3
What is the ten thousands digit of 13278087?
7
What is the ten thousands digit of 4093058?
9
What is the hundreds digit of 661080?
0
What is the millions digit of 7013573?
7
What is the ten thousands digit of 459505?
5
What is the hundreds digit of 110034?
0
What is the ten thousands digit of 4896652?
9
What is the units digit of 258582?
2
What is the thousands digit of 228078?
8
What is the units digit of 157072?
2
What is the units digit of 4246944?
4
What is the thousands digit of 221454?
1
What is the units digit of 29237?
7
What is the thousands digit of 2898628?
8
What is the hundreds digit of 20268658?
6
What is the units digit of 1114044?
4
What is the thousands digit of 20765831?
5
What is the thousands digit of 12283?
2
What is the ten thousands digit of 16991?
1
What is the ten thousands digit of 269954?
6
What is the hundred thousands digit of 331058?
3
What is the units digit of 11863418?
8
What is the units digit of 232434?
4
What is the tens digit of 7561794?
9
What is the tens digit of 1415108?
0
What is the ten thousands digit of 228826?
2
What is the millions digit of 2732920?
2
What is the units digit of 1762385?
5
What is the tens digit of 211933?
3
What is the thousands digit of 2826923?
6
What is the hundreds digit of 263474?
4
What is the units digit of 9000?
0
What is the thousands digit of 306062?
6
What is the ten thousands digit of 651702?
5
What is the tens digit of 882361?
6
What is the tens digit of 160683?
8
What is the ten thousands digit of 123056?
2
What is the ten thousands digit of 640978?
4
What is the tens digit of 22371959?
5
What is the ten thousands digit of 99623?
9
What is the millions digit of 21745187?
1
What is the thousands digit of 338026?
8
What is the ten thousands digit of 68922?
6
What is the tens digit of 119811?
1
What is the tens digit of 4240600?
0
What is the units digit of 631228?
8
What is the units digit of 12473051?
1
What is the units digit of 289564?
4
What is the thousands digit of 10611281?
1
What is the units digit of 802174?
4
What is the units digit of 931849?
9
What is the hundred thousands digit of 145641?
1
What is the tens digit of 15047048?
4
What is the hundred thousands digit of 3548519?
5
What is the tens digit of 1068096?
9
What is the units digit of 147638?
8
What is the ten thousands digit of 128200?
2
What is the tens digit of 4731391?
9
What is the hundreds digit of 176682?
6
What is the hundred thousands digit of 300538?
3
What is the hundred thousands digit of 173196?
1
What is the thousands digit of 2791?
2
What is the hundred thousands digit of 29228449?
2
What is the hundred thousands digit of 19650711?
6
What is the tens digit of 5263492?
9
What is the millions digit of 3252879?
3
What is the hundred thousands digit of 5655008?
6
What is the hundreds digit of 49269?
2
What is the units digit of 794441?
1
What is the tens digit of 223763?
6
What is the ten thousands digit of 697392?
9
What is the thousands digit of 1891580?
1
What is the ten thousands digit of 473041?
7
What is the thousands digit of 4836419?
6
What is the millions digit of 7944775?
7
What is the hundreds digit of 703274?
2
What is the hundreds digit of 6083976?
9
What is the hundreds digit of 2874935?
9
What is the ten thousands digit of 328646?
2
What is the units digit of 1184719?
9
What is the thousands digit of 997353?
7
What is the thousands digit of 6750377?
0
What is the tens digit of 639654?
5
What is the ten thousands digit of 3441173?
4
What is the thousands digit of 813972?
3
What is the ten thousands digit of 2719072?
1
What is the units digit of 13629059?
9
What is the tens digit of 737321?
2
What is the units digi